 95 is divided by 61.
34
What is the remainder when 530 is divided by 4?
2
What is the remainder when 666 is divided by 140?
106
What is the remainder when 514 is divided by 104?
98
What is the remainder when 171 is divided by 15?
6
Calculate the remainder when 176 is divided by 151.
25
Calculate the remainder when 307 is divided by 44.
43
What is the remainder when 514 is divided by 11?
8
Calculate the remainder when 418 is divided by 150.
118
What is the remainder when 525 is divided by 114?
69
Calculate the remainder when 955 is divided by 1.
0
Calculate the remainder when 1149 is divided by 72.
69
Calculate the remainder when 535 is divided by 33.
7
Calculate the remainder when 313 is divided by 70.
33
What is the remainder when 224 is divided by 51?
20
Calculate the remainder when 815 is divided by 15.
5
What is the remainder when 7557 is divided by 54?
51
What is the remainder when 232 is divided by 64?
40
Calculate the remainder when 118 is divided by 101.
17
Calculate the remainder when 72 is divided by 50.
22
Calculate the remainder when 34642 is divided by 169.
166
What is the remainder when 220 is divided by 200?
20
Calculate the remainder when 162 is divided by 152.
10
Calculate the remainder when 767 is divided by 22.
19
What is the remainder when 3127 is divided by 21?
19
Calculate the remainder when 12621 is divided by 48.
45
Calculate the remainder when 3278 is divided by 26.
2
Calculate the remainder when 293 is divided by 98.
97
What is the remainder when 536 is divided by 59?
5
Calculate the remainder when 190 is divided by 57.
19
What is the remainder when 8399 is divided by 175?
174
Calculate the remainder when 71 is divided by 18.
17
Calculate the remainder when 115 is divided by 62.
53
Calculate the remainder when 474 is divided by 27.
15
What is the remainder when 19 is divided by 11?
8
Calculate the remainder when 856 is divided by 282.
10
Calculate the remainder when 92 is divided by 19.
16
What is the remainder when 251 is divided by 86?
79
What is the remainder when 138 is divided by 18?
12
Calculate the remainder when 4179 is divided by 20.
19
Calculate the remainder when 191 is divided by 26.
9
What is the remainder when 672 is divided by 210?
42
Calculate the remainder when 59184 is divided by 327.
324
What is the remainder when 244 is divided by 85?
74
What is the remainder when 354 is divided by 12?
6
What is the remainder when 106 is divided by 79?
27
Calculate the remainder when 21889 is divided by 22.
21
What is the remainder when 53 is divided by 40?
13
What is the remainder when 148 is divided by 20?
8
Calculate the remainder when 25357 is divided by 80.
77
What is the remainder when 777 is divided by 103?
56
What is the remainder when 1177 is divided by 36?
25
Calculate the remainder when 1312 is divided by 10.
2
Calculate the remainder when 863 is divided by 217.
212
What is the remainder when 408 is divided by 147?
114
Calculate the remainder when 2046 is divided by 114.
108
What is the remainder when 2354 is divided by 76?
74
What is the remainder when 159 is divided by 27?
24
What is the remainder when 209 is divided by 42?
41
What is the remainder when 100 is divided by 12?
4
Calculate the remainder when 41 is divided by 6.
5
What is the remainder when 821 is divided by 303?
215
What is the remainder when 929 is divided by 47?
36
What is the remainder when 1331 is divided by 191?
185
Calculate the remainder when 4304 is divided by 59.
56
What is the remainder when 4474 is divided by 25?
24
What is the remainder when 299 is divided by 54?
29
Calculate the remainder when 926 is divided by 61.
11
Calculate the remainder when 13229 is divided by 90.
89
Calculate the remainder when 877 is divided by 89.
76
Calculate the remainder when 1521 is divided by 759.
3
What is the remainder when 538 is divided by 9?
7
What is the remainder when 89 is divided by 18?
17
Calculate the remainder when 21 is divided by 18.
3
Calculate the remainder when 109 is divided by 14.
11
What is the remainder when 9109 is divided by 24?
13
What is the remainder when 1834 is divided by 19?
10
Calculate the remainder when 131 is divided by 15.
11
What is the remainder when 53 is divided by 17?
2
What is the remainder when 296 is divided by 56?
16
What is the remainder when 107 is divided by 34?
5
What is the remainder when 74 is divided by 40?
34
Calculate the remainder when 4027 is divided by 1339.
10
What is the remainder when 158 is divided by 72?
14
Calculate the remainder when 6689 is divided by 10.
9
Calculate the remainder when 1624 is divided by 434.
322
Calculate the remainder when 231 is divided by 82.
67
Calculate the remainder when 1309 is divided by 5.
4
What is the remainder when 597 is divided by 12?
9
Calculate the remainder when 92 is divided by 35.
22
Calculate the remainder when 117 is divided by 30.
27
What is the remainder when 234 is divided by 24?
18
Calculate the remainder when 249 is divided by 187.
62
What is the remainder when 399 is divided by 10?
9
What is the remainder when 507 is divided by 179?
149
What is the remainder when 222 is divided by 5?
2
What is the remainder when 2402 is divided by 404?
382
What is the remainder when 90 is divided by 27?
9
What is the remainder when 268 is divided by 54?
52
What is the remainder when 234 is divided by 38?
6
What is the remainder when 241 is divided by 230?
11
What is the remainder when 290 is divided by 13?
4
Calculate the remainder when 217 is divided by 66.
19
What is the remainder when 3148 is divided by 6?
4
What is the remainder when 4 is divided by 1?
0
Calculate the remainder when 293 is divided by 150.
143
What is the remainder when 447 is divided by 33?
18
What is the remainder when 337 is divided by 57?
52
What is the remainder when 11012 is divided by 24?
20
Calculate the remainder when 3418 is divided by 9.
7
What is the remainder when 35 is divided by 18?
17
What is the remainder when 1579 is divided by 227?
217
Calculate the remainder when 325 is divided by 92.
49
What is the remainder when 338 is divided by 93?
59
What is the remainder when 87 is divided by 29?
0
What is the remainder when 507 is divided by 110?
67
What is the remainder when 8676 is divided by 362?
350
What is the remainder when 774 is divided by 31?
30
Calculate the remainder when 1727 is divided by 27.
26
What is the remainder when 116 is divided by 45?
26
Calculate the remainder when 45 is divided by 13.
6
Calculate the remainder when 703 is divided by 233.
4
Calculate the remainder when 321 is divided by 82.
75
What is the remainder when 56 is divided by 15?
11
What is the remainder when 7632 is divided by 332?
328
What is the remainder when 2932 is divided by 21?
13
Calculate the remainder when 504 is divided by 32.
24
Calculate the remainder when 1557 is divided by 155.
7
What is the remainder when 426 is divided by 39?
36
What is the remainder when 1123 is divided by 560?
3
What is the remainder when 318 is divided by 110?
98
Calculate the remainder when 3266 is divided by 63.
53
What is the remainder when 138 is divided by 30?
18
What is the remainder when 18398 is divided by 214?
208
What is the remainder when 589 is divided by 8?
5
What is the remainder when 1930 is divided by 46?
44
What is the remainder when 869 is divided by 88?
77
What is the remainder when 1682 is divided by 143?
109
Calculate the remainder when 4309 is divided by 10.
9
What is the remainder when 680 is divided by 18?
14
What is the remainder when 312 is divided by 95?
27
What is the remainder when 82 is divided by 20?
2
Calculate the remainder when 707 is divided by 65.
57
Calculate the remainder when 236 is divided by 27.
20
Calculate the remainder when 299 is divided by 40.
19
Calculate the remainder when 1916 is divided by 398.
324
What is the remainder when 1671 is divided by 84?
75
Calculate the remainder when 79 is divided by 6.
1
Calculate the remainder when 2517 is divided by 98.
67
Calculate the remainder when 77 is divided by 71.
6
Calculate the remainder when 738 is divided by 10.
8
Calculate the remainder when 4976 is divided by 13.
10
Calculate the remainder when 83 is divided by 21.
20
What is the remainder when 2408 is divided by 268?
264
Calculate the remainder when 43 is